 to base 13.
-2b6
Convert -3420312 (base 5) to base 9.
-102242
What is 221101 (base 3) in base 5?
10220
450 (base 14) to base 5
11404
-1000221200 (base 3) to base 4
-10332120
What is 1010110110 (base 2) in base 15?
314
What is -13632 (base 7) in base 5?
-104442
1021210212 (base 3) to base 15
77bb
What is -7665 (base 11) in base 16?
-2782
What is 2a1 (base 12) in base 4?
12121
What is -14256 (base 8) in base 2?
-1100010101110
Convert 186f (base 16) to base 7.
24144
19851 (base 12) to base 16
927d
7143 (base 9) to base 16
1467
What is 111001111110111 (base 2) in base 5?
1422222
Convert 3995 (base 10) to base 4.
332123
What is -10340 (base 7) in base 9?
-3472
-443c (base 14) to base 6
-130410
Convert 8d (base 16) to base 5.
1031
What is 97 (base 16) in base 12?
107
Convert 26c (base 16) to base 12.
438
What is -10156 (base 9) in base 3?
-100011220
What is 145 (base 12) in base 10?
197
5000 (base 6) to base 8
2070
Convert 1415 (base 8) to base 9.
1057
-45717 (base 8) to base 15
-5b3c
Convert -12345 (base 10) to base 15.
-39d0
What is -110886 (base 9) in base 2?
-10000001100100000
What is 590 (base 16) in base 12?
9a8
Convert 17286 (base 9) to base 14.
44a4
What is 494 (base 11) in base 16?
24b
Convert -1200 (base 6) to base 11.
-242
What is -16a4 (base 14) in base 7?
-14564
What is -32013 (base 4) in base 14?
-487
What is 2165 (base 9) in base 11?
1223
-1c59c (base 13) to base 16
-da5b
Convert 1102012 (base 3) to base 4.
100013
4157 (base 10) to base 9
5628
Convert 246 (base 9) to base 15.
d9
21217 (base 10) to base 3
1002002211
What is -1112112 (base 3) in base 4?
-101201
Convert -100411 (base 6) to base 9.
-11777
Convert 1485 (base 14) to base 2.
111000111101
Convert 2098 (base 15) to base 5.
210033
What is -1001000 (base 2) in base 13?
-57
Convert -110 (base 4) to base 6.
-32
What is -189a9 (base 15) in base 10?
-79809
What is 887 (base 11) in base 16?
427
Convert -35446 (base 8) to base 7.
-62101
b36 (base 13) to base 15
86e
-2b72 (base 14) to base 4
-1321000
What is -122201 (base 3) in base 12?
-33a
What is -108 (base 11) in base 9?
-153
What is 8026 (base 13) in base 11?
12258
21468 (base 10) to base 4
11033130
What is -8680 (base 9) in base 14?
-2486
What is 10203 (base 5) in base 11?
567
103413 (base 5) to base 3
11221122
Convert -423 (base 10) to base 7.
-1143
Convert 1002021002 (base 3) to base 13.
992c
What is 1020330 (base 4) in base 15?
15b3
What is -103021 (base 4) in base 13?
-733
2012100101 (base 3) to base 9
65311
-1230032 (base 4) to base 11
-5227
What is -26c (base 13) in base 6?
-1552
-1230340 (base 5) to base 6
-302221
3875 (base 9) to base 5
43103
What is -5156 (base 8) in base 15?
-bd0
Convert 2772 (base 15) to base 7.
33404
Convert 1122 (base 9) to base 10.
830
-36d5 (base 14) to base 2
-10010101111011
What is -10d (base 15) in base 13?
-154
Convert 3772 (base 8) to base 3.
2210122
Convert 1533 (base 7) to base 9.
750
What is 4333 (base 5) in base 12?
415
What is -7fe (base 16) in base 13?
-c15
Convert -312 (base 13) to base 15.
-24c
What is 31344 (base 6) in base 12?
2554
What is -140 (base 8) in base 12?
-80
Convert -1a1f (base 16) to base 6.
-50543
-4322 (base 6) to base 5
-12421
488 (base 9) to base 11
338
-3bab (base 12) to base 15
-209e
-112 (base 8) to base 14
-54
120012 (base 3) to base 5
3120
Convert 110000010001100 (base 2) to base 14.
9016
10222000 (base 3) to base 9
3860
231114 (base 5) to base 14
303a
What is -1011101001 (base 2) in base 15?
-34a
Convert 21212202 (base 3) to base 8.
13160
What is 13000310 (base 4) in base 3?
1110101212
16321 (base 9) to base 12
6591
-1b7 (base 14) to base 15
-18c
What is 211020110 (base 3) in base 14?
5ca0
-4840 (base 10) to base 13
-2284
Convert 100011010 (base 2) to base 10.
282
What is 110551 (base 6) in base 7?
36031
Convert -1150a (base 14) to base 11.
-29739
Convert -20337 (base 12) to base 7.
-233203
What is 31030 (base 8) in base 16?
3218
What is -3bc8 (base 16) in base 2?
-11101111001000
46443 (base 7) to base 10
11889
What is -121222 (base 3) in base 4?
-13022
What is 424 (base 11) in base 5?
4020
Convert -3015 (base 10) to base 3.
-11010200
Convert 22220 (base 5) to base 3.
2010210
What is 142 (base 16) in base 3?
102221
-10b6 (base 15) to base 4
-313122
-23121 (base 4) to base 3
-1000000
-238 (base 9) to base 15
-d2
-21da (base 14) to base 12
-3498
-6989 (base 11) to base 15
-2ab7
What is -741 (base 8) in base 16?
-1e1
e989 (base 15) to base 8
140374
2626 (base 16) to base 10
9766
What is -301 (base 8) in base 13?
-11b
-1e3 (base 16) to base 9
-586
Convert 1110010011110 (base 2) to base 5.
213301
Convert 235 (base 13) to base 7.
1054
Convert -29 (base 10) to base 4.
-131
Convert -2535 (base 6) to base 3.
-212112
What is -71 (base 13) in base 14?
-68
1b (base 12) to base 6
35
-13 (base 7) to base 10
-10
4315 (base 8) to base 4
203031
466 (base 11) to base 10
556
Convert -61142 (base 9) to base 14.
-10926
2096 (base 12) to base 3
11220020
-553 (base 6) to base 10
-213
What is -7eb (base 16) in base 13?
-bcc
34 (base 15) to base 16
31
What is -14220 (base 5) in base 10?
-1185
33872 (base 9) to base 11
15a70
Convert -1539 (base 11) to base 15.
-8bd
63294 (base 10) to base 5
4011134
Convert 111201002 (base 3) to base 14.
38da
Convert -23451 (base 6) to base 15.
-102a
What is 248a (base 12) in base 4?
1000222
53100 (base 6) to base 9
10740
-330232 (base 5) to base 3
-120112011
-1012120 (base 3) to base 7
-2364
6943 (base 11) to base 4
2032202
1022201211 (base 3) to base 9
38654
-21231 (base 5) to base 14
-74d
What is 30301 (base 4) in base 15?
397
Convert -1a478 (base 11) to base 10.
-28520
What is 10111 (base 5) in base 9?
808
What is -13813 (base 9) in base 2?
-10010011000000
Convert -3021000 (base 4) to base 5.
-402424
What is -260 (base 10) in base 13?
-170
Convert -530 (base 9) to base 11.
-363
-787 (base 10) to base 4
-30103
Convert -210141 (base 5) to base 3.
-100111100
What is 430134 (base 5) in base 7?
60016
What is 101000111101 (base 2) in base 10?
2621
-603 (base 8) to base 7
-1062
276 (base 9) to base 7
450
What is -3233 (base 4) in base 9?
-285
-24a (base 16) to base 14
-2dc
Convert -243 (base 15) to base 10.
-513
-4bb (base 12) to base 8
-1317
Convert -173 (base 11) to base 5.
-1301
-101011 (base 4) to base 16
-445
Convert -125660 (base 7) to base 9.
-35408
-2ab1 (base 16) to base 14
-3da9
-123344 (base 8) to base 11
-2a110
Convert 2647 (base 11) to base 14.
1379
-3164 (base 9) to base 16
-916
Convert b1 (base 15) to base 12.
11a
Convert 6983 (base 10) to base 8.
15507
Convert 488 (base 15) to base 14.
536
10101001011100 (base 2) to base 13
4c22
-311121 (base 4) to base 7
-12651
Convert -140045 (base 6) to base 8.
-31275
What is -184de (base 15) in base 14?
-2099c
Convert -20100 (base 6) to base 5.
-41003
Convert 210323 (base 4) to base 6.
14535
-110111000 (base 2) to base 6
-2012
What is -13620 (base 7) in base 5?
-104423
Convert 39b0 (base 12) to base 5.
202422
What is 23114 (base 6) in base 13?
165a
9425 (base 10) to base 9
13832
What is -22012 (base 4) in base 11?
-538
102140 (base 7) to base 9
26082
Convert -25201 (base 6) to base 5.
-104440
Convert -2788 (base 12) to base 9.
-6235
Convert -3167 (base 10) to base 6.
-22355
-304 (base 13) to base 2
-111111111
Convert 595 (base 13) to base 14.
4d1
443110 (base 5) to base 15
4870
Convert -14a (base 12) to base 13.
-127
What is 39653 (base 10) in base 12?
1ab45
What is 9a2 (base 16) in base 8?
4642
What is 2792 (base 13) in base 7?
22415
Convert -11011000110 (base 2) to base 12.
-1006
-3022 (base 7) to base 10
-1045
-20150 (base 7) to base 3
-20200222
Convert 13212321 (base 4) to base 15.
9376
Convert -844 (base 12) to base 16.
-4b4
-64b2 (base 12) to base 8
-25506
Convert 1131 (base 6) to base 14.
155
What is 5197 (base 11) in base 14?
2718
What is -5122 (base 6) in base 9?
-1485
Convert -1011000111111 (base 2) to base 11.
-4308
Convert 33141 (base 6) to base 16.
11f5
-1500 (base 6) to base 2
-110001100
-34628 (base 11) to base 15
-ec38
1658 (base 13) to base 4
303110
-17e (base 15) to base 12
-248
What is -1010110010 (base 2) in base 12?
-496
23200 (base 4) to base 15
341
What is -7dc5 (base 15) in base 9?
-40605
Convert -12043 (base 5) to base 3.
-1020021
What is -200220 (base 3) in base 15?
-240
23